What is the tens digit of 285325?
2
What is the thousands digit of 6325708?
5
What is the hundred thousands digit of 279872?
2
What is the hundreds digit of 11623419?
4
What is the ten thousands digit of 13101?
1
What is the hundreds digit of 7159966?
9
What is the tens digit of 824692?
9
What is the ten thousands digit of 8891273?
9
What is the thousands digit of 628315?
8
What is the units digit of 192385?
5
What is the tens digit of 2222725?
2
What is the ten millions digit of 21636815?
2
What is the thousands digit of 5136163?
6
What is the millions digit of 1638079?
1
What is the millions digit of 4670254?
4
What is the hundred thousands digit of 1897866?
8
What is the units digit of 7205108?
8
What is the hundreds digit of 695799?
7
What is the thousands digit of 318383?
8
What is the units digit of 361532?
2
What is the hundred thousands digit of 1017229?
0
What is the millions digit of 4126087?
4
What is the thousands digit of 1188?
1
What is the tens digit of 1386828?
2
What is the hundred thousands digit of 1686670?
6
What is the hundred thousands digit of 20534177?
5
What is the tens digit of 2825424?
2
What is the ten thousands digit of 4542252?
4
What is the hundred thousands digit of 14497410?
4
What is the ten thousands digit of 473441?
7
What is the thousands digit of 53801?
3
What is the hundred thousands digit of 286133?
2
What is the units digit of 442817?
7
What is the thousands digit of 2158312?
8
What is the tens digit of 6663545?
4
What is the tens digit of 3075292?
9
What is the units digit of 1152765?
5
What is the hundreds digit of 904693?
6
What is the hundred thousands digit of 821293?
8
What is the thousands digit of 658387?
8
What is the hundred thousands digit of 226073?
2
What is the tens digit of 3597707?
0
What is the thousands digit of 174490?
4
What is the ten thousands digit of 426742?
2
What is the hundreds digit of 753304?
3
What is the units digit of 1939235?
5
What is the hundreds digit of 401946?
9
What is the units digit of 176010?
0
What is the units digit of 388417?
7
What is the hundred thousands digit of 23951640?
9
What is the hundred thousands digit of 3001337?
0
What is the thousands digit of 508543?
8
What is the tens digit of 1515546?
4
What is the units digit of 265578?
8
What is the tens digit of 370754?
5
What is the units digit of 1969157?
7
What is the hundreds digit of 121007?
0
What is the thousands digit of 186989?
6
What is the hundreds digit of 711883?
8
What is the ten thousands digit of 2211638?
1
What is the tens digit of 373713?
1
What is the units digit of 10694469?
9
What is the ten thousands digit of 29508353?
0
What is the tens digit of 156082?
8
What is the units digit of 40492549?
9
What is the hundreds digit of 16996079?
0
What is the units digit of 546767?
7
What is the units digit of 265100?
0
What is the units digit of 441666?
6
What is the hundreds digit of 5328836?
8
What is the tens digit of 935826?
2
What is the hundreds digit of 4945935?
9
What is the thousands digit of 210726?
0
What is the tens digit of 346917?
1
What is the tens digit of 2084132?
3
What is the ten thousands digit of 1269923?
6
What is the hundred thousands digit of 134764?
1
What is the thousands digit of 1568?
1
What is the units digit of 849623?
3
What is the thousands digit of 808087?
8
What is the hundred thousands digit of 2385177?
3
What is the hundreds digit of 206772?
7
What is the millions digit of 24826154?
4
What is the tens digit of 40423785?
8
What is the millions digit of 1839560?
1
What is the units digit of 255635?
5
What is the units digit of 6224245?
5
What is the ten thousands digit of 8221074?
2
What is the thousands digit of 5110182?
0
What is the hundred thousands digit of 182419?
1
What is the hundred thousands digit of 4753977?
7
What is the tens digit of 157063?
6
What is the ten millions digit of 27341993?
2
What is the units digit of 4076331?
1
What is the units digit of 574179?
9
What is the thousands digit of 273419?
3
What is the units digit of 233348?
8
What is the ten thousands digit of 1422248?
2
What is the hundreds digit of 151172?
1
What is the thousands digit of 3031263?
1
What is the ten thousands digit of 79623?
7
What is the ten thousands digit of 112850?
1
What is the millions digit of 1065932?
1
What is the tens digit of 28984988?
8
What is the ten thousands digit of 33222776?
2
What is the units digit of 1106062?
2
What is the hundreds digit of 668311?
3
What is the ten thousands digit of 2502595?
0
What is the millions digit of 12566417?
2
What is the ten thousands digit of 2518568?
1
What is the thousands digit of 823985?
3
What is the ten thousands digit of 267672?
6
What is the tens digit of 26804478?
7
What is the hundred thousands digit of 360810?
3
What is the ten millions digit of 11949616?
1
What is the units digit of 652603?
3
What is the tens digit of 476325?
2
What is the thousands digit of 1146827?
6
What is the tens digit of 191803?
0
What is the ten thousands digit of 8022732?
2
What is the units digit of 2632039?
9
What is the units digit of 406502?
2
What is the tens digit of 124707?
0
What is the thousands digit of 1513346?
3
What is the ten thousands digit of 265290?
6
What is the millions digit of 6451793?
6
What is the units digit of 144030?
0
What is the thousands digit of 1631294?
1
What is the thousands digit of 109454?
9
What is the tens digit of 1057695?
9
What is the thousands digit of 176406?
6
What is the ten thousands digit of 1437554?
3
What is the hundreds digit of 1159968?
9
What is the thousands digit of 1377629?
7
What is the ten thousands digit of 165378?
6
What is the units digit of 5461414?
4
What is the millions digit of 1255729?
1
What is the ten thousands digit of 416643?
1
What is the hundreds digit of 1377650?
6
What is the units digit of 390725?
5
What is the units digit of 236659?
9
What is the thousands digit of 592062?
2
What is the thousands digit of 169165?
9
What is the units digit of 200794?
4
What is the ten thousands digit of 129365?
2
What is the millions digit of 2800249?
2
What is the units digit of 963285?
5
What is the units digit of 7479143?
3
What is the units digit of 260102?
2
What is the units digit of 4854070?
0
What is the hundreds digit of 5866110?
1
What is the units digit of 3176870?
0
What is the ten thousands digit of 7099156?
9
What is the hundred thousands digit of 2710209?
7
What is the ten thousands digit of 595132?
9
What is the millions digit of 5679853?
5
What is the millions digit of 1708387?
1
What is the hundreds digit of 58002?
0
What is the hundreds digit of 2564047?
0
What is the units digit of 415940?
0
What is the units digit of 12243?
3
What is the hundreds digit of 16987925?
9
What is the hundred thousands digit of 11993440?
9
What is the hundreds digit of 732103?
1
What is the thousands digit of 818684?
8
What is the hundred thousands digit of 223835?
2
What is the thousands digit of 47199?
7
What is the hundred thousands digit of 10147391?
1
What is the tens digit of 139846?
4
What is the hundred thousands digit of 792129?
7
What is the thousands digit of 12835498?
5
What is the tens digit of 68329?
2
What is the hundred thousands digit of 751615?
7
What is the ten thousands digit of 20625882?
2
What is the hundred thousands digit of 8227284?
2
What is the thousands digit of 1690931?
0
What is the millions digit of 3093436?
3
What is the millions digit of 1401958?
1
What is the hundred thousands digit of 24344108?
3
What is the hundred thousands digit of 3578128?
5
What is the ten thousands digit of 12033021?
3
What is the hundreds digit of 1134308?
3
What is the tens digit of 1624489?
8
What is the thousands digit of 4576079?
6
What is the ten thousands digit of 6225589?
2
What is the thousands digit of 308698?
8
What is the ten thousands digit of 71247?
7
What is the ten thousands digit of 10045047?
4
What is the thousands digit of 473887?
3
What is the tens digit of 27357?
5
What is the ten thousands digit of 1495794?
9
What is the thousands digit of 157357?
7
What is the thousands digit of 3866632?
6
What is the millions digit of 3019227?
3
What is the thousands digit of 41733?
1
What is the ten millions digit of 11686641?
1
What is the units digit of 1770